 3423227 a composite number?
True
Is 102529853 prime?
False
Is 15113387 a prime number?
False
Is 1088209 a composite number?
False
Is 47953933 composite?
False
Is 40502503 composite?
True
Is 15861943 a prime number?
True
Is 96825341 composite?
False
Is 11965643 a composite number?
False
Is 3690329 a prime number?
True
Is 19609991 a prime number?
True
Is 139045 prime?
False
Is 52787729 a prime number?
False
Is 22178459 prime?
True
Is 409951469 composite?
True
Is 12046939 prime?
False
Is 441606769 a prime number?
True
Is 154792267 a prime number?
False
Is 44920723 prime?
False
Is 3609769 a composite number?
False
Is 191929 a prime number?
True
Is 3504449 a prime number?
False
Is 27120137 composite?
True
Is 25953413 a prime number?
True
Is 121555319 prime?
True
Is 4495891 a prime number?
True
Is 1851326 prime?
False
Is 1116631 a prime number?
True
Is 316423 composite?
False
Is 103215017 composite?
False
Is 311317 a composite number?
True
Is 21536989 a composite number?
False
Is 3787241 a composite number?
True
Is 14641901 composite?
False
Is 1463999 prime?
True
Is 37682773 composite?
False
Is 144941 composite?
False
Is 17883941 composite?
True
Is 71593097 a composite number?
True
Is 43482403 composite?
False
Is 16182487 prime?
False
Is 77509 a prime number?
True
Is 4785809 prime?
False
Is 13044581 composite?
True
Is 170487439 prime?
False
Is 6602665 composite?
True
Is 17489773 a prime number?
False
Is 22360427 a composite number?
True
Is 1281972589 prime?
True
Is 542485547 prime?
False
Is 10612219 composite?
False
Is 90697729 composite?
True
Is 6782927 composite?
True
Is 4207579 a prime number?
False
Is 3186827 composite?
True
Is 8125301 a composite number?
False
Is 89345341 a composite number?
True
Is 78197573 a prime number?
True
Is 8441155 prime?
False
Is 163408303 a prime number?
False
Is 1759361 prime?
True
Is 2429234 a composite number?
True
Is 19754171 prime?
False
Is 73263266 a composite number?
True
Is 1599407 composite?
False
Is 213523 composite?
False
Is 635717 a prime number?
False
Is 4595297 a prime number?
False
Is 524663 a composite number?
True
Is 400248803 prime?
False
Is 10990597 a prime number?
True
Is 22479617 a prime number?
True
Is 33679 composite?
False
Is 220434845 composite?
True
Is 17600453 prime?
False
Is 119562739 a prime number?
True
Is 353282251 a composite number?
True
Is 146385107 a composite number?
True
Is 117983 a prime number?
False
Is 33198145 composite?
True
Is 5334751 prime?
True
Is 14488493 a prime number?
True
Is 3258973 composite?
True
Is 18113699 composite?
False
Is 157620509 prime?
True
Is 33925403 a prime number?
True
Is 474387253 composite?
True
Is 139705145 a prime number?
False
Is 161532493 a prime number?
False
Is 529298329 prime?
False
Is 7953217 a prime number?
True
Is 169607 a prime number?
True
Is 381037 a composite number?
False
Is 91978121 a prime number?
False
Is 3876203 prime?
True
Is 386724707 a prime number?
False
Is 21948847 prime?
False
Is 5795693 a prime number?
True
Is 1314527 composite?
False
Is 200639 composite?
False
Is 9167371 prime?
True
Is 63836159 composite?
False
Is 24742115 composite?
True
Is 95678549 a prime number?
True
Is 2309609 a composite number?
False
Is 3635239 a composite number?
False
Is 773681 a composite number?
False
Is 3398609 a composite number?
True
Is 451701265 composite?
True
Is 12831041 a composite number?
True
Is 130458127 composite?
True
Is 6613309 composite?
True
Is 5769677 a prime number?
True
Is 16761821 prime?
True
Is 36926563 a composite number?
False
Is 16163311 a prime number?
False
Is 7138865 prime?
False
Is 94543907 a prime number?
True
Is 80291843 a composite number?
False
Is 193264871 a prime number?
False
Is 459633269 composite?
True
Is 18254909 a prime number?
True
Is 67561547 composite?
True
Is 169733 a composite number?
False
Is 3491983 a composite number?
True
Is 4016501 prime?
False
Is 23272013 composite?
True
Is 461638 composite?
True
Is 16555571 composite?
False
Is 159198983 composite?
True
Is 3333982 a prime number?
False
Is 5767793 a prime number?
False
Is 62563783 a composite number?
False
Is 2591189 a prime number?
True
Is 29771 composite?
True
Is 56363201 composite?
False
Is 13203251 a prime number?
True
Is 1842817 composite?
True
Is 4321157 a composite number?
False
Is 24851669 a prime number?
False
Is 55218935 a composite number?
True
Is 579223 prime?
False
Is 417089 a composite number?
False
Is 2031787 a composite number?
True
Is 76439881 a prime number?
False
Is 264204737 composite?
False
Is 336361045 a prime number?
False
Is 7714943 composite?
False
Is 26033743 composite?
True
Is 3251797 a prime number?
False
Is 2634377 composite?
False
Is 1701131 prime?
False
Is 24952817 prime?
False
Is 1296181 prime?
True
Is 1096763 a composite number?
False
Is 13031 a composite number?
True
Is 1707787 composite?
False
Is 142916783 prime?
False
Is 1390661 composite?
True
Is 2922883 prime?
False
Is 249351 a prime number?
False
Is 24956753 prime?
True
Is 195472669 composite?
True
Is 50041 a composite number?
True
Is 13041877 a composite number?
False
Is 209086291 prime?
True
Is 92422235 a prime number?
False
Is 5737271 a composite number?
False
Is 1995248693 a composite number?
False
Is 19783307 a prime number?
False
Is 16589849 a prime number?
True
Is 23754799 prime?
False
Is 17618221 a prime number?
True
Is 260524163 composite?
False
Is 107132899 a prime number?
False
Is 3164537 composite?
False
Is 137277149 composite?
True
Is 62632819 composite?
False
Is 1830511 a prime number?
True
Is 59473669 a prime number?
False
Is 18718801 composite?
False
Is 46553029 composite?
False
Is 40831597 a prime number?
True
Is 26586374 a prime number?
False
Is 5310926 prime?
False
Is 15453439 a prime number?
False
Is 1824569 a composite number?
True
Is 98034857 prime?
True
Is 1391021 a prime number?
False
Is 34284661 a prime number?
False
Is 64002179 prime?
True
Is 772987 a prime number?
True
Is 1633777 composite?
False
Is 86037929 a prime number?
True
Is 62521 composite?
True
Is 115024781 a prime number?
True
Is 143542613 prime?
False
Is 28163319 a composite number?
True
Is 6290269 composite?
False
Is 12724303 a prime number?
False
Is 4697921 a prime number?
False
Is 64091549 a composite number?
False
Is 15823169 composite?
True
Is 95515087 a composite number?
True
Is 360131 a composite number?
True
Is 9968537 a prime number?
True
Is 6800509 composite?
True
Is 44055439 a composite number?
False
Is 16737167 a composite number?
False
Is 30383531 prime?
True
Is 1273803 composite?
True
Is 101373899 prime?
False
Is 7284047 composite?
True
Is 7156441 prime?
True
Is 2052059 a prime number?
True
Is 1266149 prime?
True
Is 4556089 a composite number?
False
Is 10900481 prime?
True
Is 638854 composite?
True
Is 6075259 composite?
True
Is 8888213 a composite number?
False
Is 32335571 prime?
True
Is 2217349 a prime number?
True
Is 3757537 prime?
False
Is 13981711 prime?
False
Is 24077323 a prime number?
True
Is 7427437 prime?
False
Is 18706549 a composite number?
False
Is 323336797 a prime number?
False
Is 1645478 composite?
True
Is 10434199 composite?
False
Is 2038337 prime?
False
Is 1719187 a composite number?
False
Is 230192353 a prime number?
False
Is 89627 a prime number?
True
Is 2438669 a prime number?
False
Is 16841309 a composite number?
True
Is 3883981 a composite number?
True
Is 34374541 a prime number?
False
Is 14033113 composite?
True
Is 21943097 a prime number?
False
Is 390451469 a prime number?
True
Is 29728757 composite?
False
Is 29122073 composite?
False
Is 29983793 composite?
True
Is 429812349 a prime number?
False
Is 84999091 a prime number?
True
Is 648791261 composite?
False
Is 1505578 a prime number?
False
Is 10355141 prime?
False
Is 742942 a prime number?
False
Is 2090395 a prime number?
False
Is 13199143 composite?
False
Is 17449637 a composite number?
False
Is 311544719 prime?
True
Is 29936827 prime?
True
Is 5909693 prime?
False
Is 1527326 a composite number?
True
Is 16405997 prime?
True
Is 145237 a composite number?
True
Is 107753 a prime number?
False
Is 1853129 composite?
True
Is 15871871 a composite number?
False
Is 33256378 composite?
True
Is 3814603 a prime number?
False
Is 48580199 composite?
True
Is 3219989 composite?
False
Is 27018471 a